{"id":496,"date":"2021-07-31T19:12:33","date_gmt":"2021-07-31T17:12:33","guid":{"rendered":"https:\/\/www.neudert-consulting.de\/?page_id=496"},"modified":"2025-07-01T00:34:03","modified_gmt":"2025-06-30T22:34:03","slug":"kontakt-2","status":"publish","type":"page","link":"https:\/\/www.neudert-consulting.de\/neudert-consulting-coaching\/kontakt-2\/","title":{"rendered":"Kontakt"},"content":{"rendered":"\n<p class=\"has-medium-font-size\"><span style=\"color:#ab3d3a\" class=\"has-inline-color\">Wir sind gern f\u00fcr Sie da. So erreichen Sie uns.<\/span><\/p>\n\n\n\n<p><\/p>\n\n\n\n<figure class=\"wp-block-table\"><table><tbody><tr><td><strong><span style=\"color:#ab3d3a\" class=\"has-inline-color\">ONLINE<\/span><\/strong><\/td><td><strong><span style=\"color:#ab3d3a\" class=\"has-inline-color\">OFFLINE<\/span><\/strong><\/td><\/tr><tr><td><span style=\"color:#ab3d3a\" class=\"has-inline-color\">info@neudert-consulting.de<\/span><\/td><td><span style=\"color:#ab3d3a\" class=\"has-inline-color\">Neudert Consulting und Coaching UG<br>(haftungsbeschr\u00e4nkt)<br>Sch\u00f6nauer Stra\u00dfe 214<br>04207 Leipzig<br>+49 1578 71 353 17<\/span><\/td><\/tr><\/tbody><\/table><\/figure>\n","protected":false},"excerpt":{"rendered":"<p>Wir sind gern f\u00fcr Sie da. So erreichen Sie uns. ONLINE OFFLINE info@neudert-consulting.de Neudert Consulting und Coaching UG(haftungsbeschr\u00e4nkt)Sch\u00f6nauer Stra\u00dfe 21404207 Leipzig+49 1578 71 353 17<\/p>\n","protected":false},"author":3,"featured_media":0,"parent":0,"menu_order":0,"comment_status":"closed","ping_status":"closed","template":"","meta":{"footnotes":""},"class_list":["post-496","page","type-page","status-publish","hentry"],"_links":{"self":[{"href":"https:\/\/www.neudert-consulting.de\/neudert-consulting-coaching\/wp-json\/wp\/v2\/pages\/496","targetHints":{"allow":["GET"]}}],"collection":[{"href":"https:\/\/www.neudert-consulting.de\/neudert-consulting-coaching\/wp-json\/wp\/v2\/pages"}],"about":[{"href":"https:\/\/www.neudert-consulting.de\/neudert-consulting-coaching\/wp-json\/wp\/v2\/types\/page"}],"author":[{"embeddable":true,"href":"https:\/\/www.neudert-consulting.de\/neudert-consulting-coaching\/wp-json\/wp\/v2\/users\/3"}],"replies":[{"embeddable":true,"href":"https:\/\/www.neudert-consulting.de\/neudert-consulting-coaching\/wp-json\/wp\/v2\/comments?post=496"}],"version-history":[{"count":5,"href":"https:\/\/www.neudert-consulting.de\/neudert-consulting-coaching\/wp-json\/wp\/v2\/pages\/496\/revisions"}],"predecessor-version":[{"id":633,"href":"https:\/\/www.neudert-consulting.de\/neudert-consulting-coaching\/wp-json\/wp\/v2\/pages\/496\/revisions\/633"}],"wp:attachment":[{"href":"https:\/\/www.neudert-consulting.de\/neudert-consulting-coaching\/wp-json\/wp\/v2\/media?parent=496"}],"curies":[{"name":"wp","href":"https:\/\/api.w.org\/{rel}","templated":true}]}}